t is the remainder when y(-8) is divided by 11?
8
Let w(u) = u**3 - u**2 - 4*u + 2. What is the remainder when w(5) is divided by 22?
16
Let b(q) = q. Let i = -1 + -5. What is the remainder when 9 - 1 - (i + 4) is divided by b(6)?
4
Suppose 0 = 7*v - 2*v. Suppose -1 = -3*w - 5*c + 8, -4*c = v. Suppose -2*g - w = -5*g. Calculate the remainder when 2 is divided by g.
0
Let o = 5 - 3. Let v = o + 0. Suppose 20 = v*g + s, -s - 18 = -2*g - 3*s. Calculate the remainder when 31 is divided by g.
9
Suppose 0 = 3*u + 8 - 83. Calculate the remainder when u is divided by ((-2)/8*1)/((-69)/3588).
12
Suppose 9*c - 15 = 4*c, 0 = -4*u + c + 37. What is the remainder when 29 is divided by u?
9
Let g(u) = u**2 - 2*u - 4. Let y be g(4). Suppose 0*c = y*c - 4. Calculate the remainder when (189/9)/(2 - c) is divided by 11.
10
Suppose o + 1 = -u - 0*o, -5*u - 4*o = 0. Suppose u*s + s = 20. Calculate the remainder when 14 is divided by s.
2
Let q(h) = 21*h + 2. What is the remainder when q(1) is divided by 6?
5
Let v(y) = y**3 + 11*y**2 + 7*y + 2. What is the remainder when v(-8) is divided by 14?
12
Let i = 1 + -3. Let m be (-120)/(-9) + i/6. Suppose 4*h - 47 = m. Calculate the remainder when 28 is divided by h.
13
Let b be 4 - 7 - 10/(-2). Suppose b*v - 21 - 19 = 0. What is the remainder when 776/v + (-2)/(-10) is divided by 10?
9
Let n(d) = 5*d + 71. Suppose 0 = v + 4*l - 26, -3*v + 2*l + 39 = l. Calculate the remainder when n(-9) is divided by v.
12
Suppose 15 = z - 0*z + 3*l, -2*z = -3*l + 6. Suppose 5*w = -2*h + 82, -3*h - 55 = z*w - 178. What is the remainder when h is divided by 14?
13
Suppose 5*x - 19 = -5*n + 26, -2*x + 18 = -4*n. Calculate the remainder when 21 is divided by x.
3
Let w(x) = 2 + 7*x + 2*x + x**3 + 6 - 10*x**2 - 2. Calculate the remainder when w(9) is divided by (4/(-6))/(1/(-6)).
2
Suppose -88 = -6*m - 10. Suppose -2*k = -3*w - w + 140, -w - 5*k = -46. What is the remainder when w is divided by m?
10
Let w be 6/4*4/3. Suppose 3*o - 148 = 4*a, 2*o = -w*o + 2*a + 214. Suppose -68 - o = -4*j. What is the remainder when j is divided by 8?
7
Suppose 0*s + 20 = 4*s. Calculate the remainder when s is divided by 4.
1
Suppose -8*g = -340 - 468. What is the remainder when g is divided by 34?
33
Let a(o) = -3*o**3 - o**2 + 1. Let h be a(-1). Suppose h*d - 20 - 19 = 0. What is the remainder when d is divided by 7?
6
Suppose 11*v = 13*v - 30. Calculate the remainder when 55 is divided by v.
10
Let w be (-1 - -1)/((-6)/3). Suppose -x = -w - 14. What is the remainder when 27*(3 - (-2)/(-1)) is divided by x?
13
Let m(d) = -d**2 + 11*d - 7. Calculate the remainder when m(8) is divided by 4.
1
Let o = 1 + 4. Suppose -84 = -o*d + 2*d. What is the remainder when 55 is divided by d?
27
Suppose 102 = 5*a + 17. Let c be ((-4)/4)/((-1)/3). Suppose 8*o - a = c*o + p, 3*p = 9. Calculate the remainder when 7 is divided by o.
3
Suppose 0 = x - 2*q - 19 - 12, 5*x - 2*q - 163 = 0. What is the remainder when x is divided by 7?
5
Let x = -17 + -38. Let q = -28 - x. Calculate the remainder when q is divided by 6.
3
Suppose p + 2*p = 0. Suppose -3*u = -p*u. Suppose 3*a = -u*a + 24. What is the remainder when 23 is divided by a?
7
Suppose -2*i = -3*i. Suppose -15 = -h - i*h. What is the remainder when 28 is divided by h?
13
Suppose 2*x - 126 = -5*d, 0 = 2*x + x - 9. Calculate the remainder when 59 is divided by d.
11
Suppose -3*m + m + 28 = 0. What is the remainder when 41 is divided by m?
13
Suppose -2*a - 4*q = -236, 5*a + 4*q - 606 = 2*q. Suppose 2*c - 4*c + a = 0. What is the remainder when c is divided by 21?
19
Let v(g) = -g**3 - 6*g**2 - 2*g + 3. Let f be v(-5). Let u be (-38)/f + (-4)/24. Calculate the remainder when 39 is divided by -20*(u - 2)*-1.
19
Suppose 0 = -3*c + t + 10, 2*c - 4*t - 29 = -9. Let m = c + 0. Calculate the remainder when (110/25)/(m/10) is divided by 12.
10
Let n = 10 + -5. Suppose -2*m + 1 = -n. What is the remainder when 8 is divided by m?
2
Let q(j) = 4*j**2 - 2. Suppose -t - 164 = -5*t. Calculate the remainder when t is divided by q(2).
13
Let s(p) = -29*p + 1. Let v be s(1). Let j = v + 53. Suppose -5*k = -2*t + 35, 4*t = -0*t + k + j. What is the remainder when 13 is divided by t?
3
Suppose -78 = -2*u + 2*o, 0 = -u - 3*u - o + 156. Calculate the remainder when u is divided by 1/((-1)/(-16)) + -2.
11
Let c = 12 - 3. Suppose 0 = -10*p + 3*p + 35. Calculate the remainder when c is divided by p.
4
Let n(j) = -7*j. Let b be n(-4). Suppose -b = -4*l - 0*l. What is the remainder when 25 is divided by l?
4
Let u be 1 + -2*(-1)/2. Suppose -3*j + 81 = 3*y, -u*j - j = -3*y - 51. What is the remainder when 24*(-6)/27*-12 is divided by j?
20
Suppose -6 = -2*f - f. What is the remainder when 17 is divided by 12 + f + -1 + -3?
7
Let v(k) = -k**2 - 12*k + 10. What is the remainder when v(-11) is divided by 11?
10
Let l be (-1)/2 - 196/(-8). Suppose k = 4*k - l. Let b(q) = -q**3 + 9*q**2 - 7*q + 12. Calculate the remainder when b(k) is divided by 7.
6
Suppose -4*r - 38 + 42 = 0. Calculate the remainder when 3 is divided by r.
0
Let c(i) = -i**3 + 5*i**2 + 6*i + 4. Suppose -4*d - 12 = -2*h, 3*d + 0 = -2*h - 2. Calculate the remainder when c(6) is divided by h.
0
Suppose -3*m + 11 = -40. Let s = -14 - m. Let x = s + 62. What is the remainder when x is divided by 11?
9
Suppose -4*q = -p + 47, 0 = p + 3*q - 0*q - 19. Let d(i) = -i + 1. Let t be d(0). What is the remainder when p is divided by ((-3)/6)/(t/(-22))?
9
Let p = 7 - 5. Let v(f) = -f**3 + 4*f**2 + f + 2. What is the remainder when v(4) is divided by p?
0
Let d be (-1 - 2) + 3/1. Suppose -q + d*q = -61. Calculate the remainder when q is divided by 21.
19
Suppose -2*a + n + 5 = 0, 4*n - 18 - 12 = -2*a. Suppose 0 = 4*d, 6 + 2 = 2*x + 4*d. Suppose -x*r + 17 = -39. What is the remainder when r is divided by a?
4
Let x = -8 + 14. Calculate the remainder when 9 is divided by x.
3
Let c = 3 + 6. What is the remainder when 26 is divided by c?
8
Let q(g) = 4*g**2 + 2*g - 2. Let h be q(3). Suppose -4*d - d = -h. Calculate the remainder when 15 is divided by d.
7
Let g = -59 + 79. What is the remainder when 28 is divided by g?
8
What is the remainder when ((190/(-20))/(-19))/(1/436) is divided by 22?
20
Let k = 79 - 52. Calculate the remainder when k is divided by 6.
3
Suppose 3*k + 33 = -6. Suppose -2*g - 5*g = -224. Let z = k + g. Calculate the remainder when z is divided by 7.
5
Let h(d) = d**3 + 8*d**2 + 6*d - 4. Let v(x) = -x**2 - 3*x + 2. Calculate the remainder when h(-7) is divided by v(-3).
1
Let t be (-8 - 4)*2/(-6). Suppose -v + 1 = f + 2, -t*v + 2*f = -8. What is the remainder when 38 is divided by (v - 1) + (19 - 6)?
12
Let g(m) = -33*m**3 + 2*m**2 + m. What is the remainder when g(-1) is divided by 12?
10
Let m be (55/15)/(1/12). Calculate the remainder when -1*(-9)/12*m is divided by 12.
9
Suppose -8*r = -7*r - 225. Calculate the remainder when r is divided by 38.
35
Let w(f) = -f**3 + 11*f**2 + 13*f + 1. Calculate the remainder when 16 is divided by w(12).
3
Suppose 0*a + 5*a + 3*h = 16, 3*h + 2 = 4*a. What is the remainder when a is divided by 2?
0
Suppose 15 = -o + 4*o. Suppose -g + 3*g = o*d + 44, 14 = -2*d + 2*g. What is the remainder when 21 is divided by 31/5 - (-2)/d?
3
Let s be ((0 - 0)/4)/(-1). Suppose -2*a + 6*a - 108 = s. Suppose 5*y = y + 28. What is the remainder when a is divided by y?
6
Let n be 30 + (-1 - (-3 + 0)). Suppose -2*y = 5*l - 44, -l + 4*y = 4*l - n. What is the remainder when l is divided by 5?
3
Suppose -3*m - 2*j + 172 = 0, -4*m - 4*j + 169 = -67. What is the remainder when m is divided by 14?
12
Suppose 0 = -p + 4*b - 13, -13 = 3*p - 6*p - b. Suppose -p*t - 2*t + 260 = 0. What is the remainder when t is divided by 18?
16
Suppose -5*u = -x + 2732, -5*x - 180 = -2*u - 1282. Let g = 773 + u. What is the remainder when g/9 - (-6)/(-27) is divided by 9?
7
Suppose w - u - 2*u = -40, -5*u = -4*w - 139. Let k = w - -10. Let z = 16 - k. What is the remainder when z is divided by 13?
11
Suppose 0 = 3*c - 8 - 7. Suppose 0 = 2*m + 4*h, -4*m - 2*h - h = -20. Let p = -6 + m. Calculate the remainder when c is divided by p.
1
Let p = 34 + -7. Calculate the remainder when p is divided by 14.
13
What is the remainder when 24/(-16)*(-122)/3 is divided by 16?
13
Let s(z) = 12*z**2 